{"id":191,"date":"2019-03-07T14:01:42","date_gmt":"2019-03-07T13:01:42","guid":{"rendered":"http:\/\/www.amsef.it\/societa-trasparente\/?post_type=amm-trasparente&#038;p=191"},"modified":"2024-12-27T13:18:45","modified_gmt":"2024-12-27T12:18:45","slug":"organi-di-indirizzo-politico-amministrativo","status":"publish","type":"amm-trasparente","link":"https:\/\/www.amsef.it\/societa-trasparente\/?amm-trasparente=organi-di-indirizzo-politico-amministrativo","title":{"rendered":"Organi di indirizzo politico-amministrativo"},"content":{"rendered":"<p class=\"last-updated\">Ultimo aggiornamento Dicembre 27th, 2024 alle ore 01:18 pm<\/p>\n<p>Sezione relativa agli organi di indirizzo politico-amministrativo, come indicato all&#8217;<a href=\"https:\/\/www.normattiva.it\/uri-res\/N2Ls?urn:nir:stato:decreto.legislativo:2013-03-14;33\">art. 13, c. 1, lett. a) e art. 14 del d.lgs. 33\/2013<\/a>.<\/p>\n\n\n\n<hr class=\"wp-block-separator has-css-opacity is-style-default\"\/>\n\n\n\n<p>L&#8217;Amministratore Unico ha i pi\u00f9 ampi poteri per la gestione ordinaria e straordinaria della societ\u00e0, senza limitazioni, con facolt\u00e0 di compiere tutti gli atti che riterr\u00e0 opportuni per l&#8217;attuazione ed il raggiungimento dell&#8217;oggetto sociale, esclusi soltanto quelli che la legge e le norme dello Statuto sul funzionamento della societ\u00e0 in modo tassativo riservano all&#8217;assemblea (estratto Statuto societario)<\/p>\n\n\n\n<hr class=\"wp-block-separator has-alpha-channel-opacity\"\/>\n\n\n\n<h5 class=\"wp-block-heading\">Giacomo Gelmi \u2013 Amministratore Unico di Amsef Srl dal 18\/12\/2024<\/h5>\n\n\n\n<ul class=\"wp-block-list\">\n<li><a href=\"https:\/\/www.amsef.it\/societa-trasparente\/wp-content\/uploads\/2024\/12\/AMSEF-AU-2024.12.18.pdf\" target=\"_blank\" rel=\"noreferrer noopener\">L\u2019amministratore Unico di Amsef Srl\u00a0<\/a>(.pdf) \u2013 tabella recante il nominativo, con indicazione della data di conferimento, della durata e delle competenze.<\/li>\n\n\n\n<li><a href=\"https:\/\/www.amsef.it\/societa-trasparente\/wp-content\/uploads\/2024\/12\/AMSEF-Nomina-AU-Gelmi-Verbale-Assemblea-Soci-del-2024.12.18.pdf\" target=\"_blank\" rel=\"noreferrer noopener\">Atto di nomina<\/a>&nbsp;\u2013 Verbale Assemblea dei Soci del 24\/10\/2019 (.pdf)<\/li>\n<\/ul>\n\n\n\n<p><\/p>\n\n\n\n<ul class=\"wp-block-list\">\n<li><a href=\"https:\/\/www.amsef.it\/societa-trasparente\/wp-content\/uploads\/2024\/12\/AMSEF-CV-Gelmi-2024.pdf\" target=\"_blank\" rel=\"noreferrer noopener\">Curriculum vitae<\/a><\/li>\n\n\n\n<li>Dichiarazione art. 20, c. 3, D.Lgs. 39\/2013 (insussistenza cause di incompatibilit\u00e0 e\/o inconferibilit\u00e0) \u2013<a href=\"https:\/\/www.amsef.it\/societa-trasparente\/wp-content\/uploads\/2024\/12\/AMSEF-Dichiaraz.-art.-20-c.-3-D.Lgs_.-39-2013-Incomp.-Inconf.-Gelmi-2024-2024.12.18.pdf\" target=\"_blank\" rel=\"noreferrer noopener\">&nbsp;anno 2024<\/a><\/li>\n\n\n\n<li>Dichiarazione art. 53, c. 16 ter, D.Lgs. 165-2011 (Pantouflage) \u2013&nbsp;<a href=\"https:\/\/www.amsef.it\/societa-trasparente\/wp-content\/uploads\/2024\/12\/AMSEF-Dichiaraz.-art.-53-c.-16-ter-D.Lgs_.-165-2001-Pantouflage-Gelmi-2024-2024.12.18.pdf\" target=\"_blank\" rel=\"noreferrer noopener\">anno 2024<\/a><\/li>\n\n\n\n<li>Dichiarazione art.14, c.1, lett. d) ed e) (dati relativi all\u2019assunzione di altre cariche, presso enti pubblici o privati, e relativi compensi a qualsiasi titolo corrisposti) \u2013&nbsp;<a href=\"https:\/\/www.amsef.it\/societa-trasparente\/wp-content\/uploads\/2024\/12\/AMSEF-Dichiaraz.-art.-14-c.-1-lett.-d-e-D.Lgs_.-33-2013-altre-cariche-Gelmi-2024-2024.12.18.pdf\" target=\"_blank\" rel=\"noreferrer noopener\">anno 2024<\/a><\/li>\n\n\n\n<li>Dichiarazione art.14, c.1, lett. f) (situazione patrimoniale) \u2013&nbsp;<a href=\"https:\/\/www.amsef.it\/societa-trasparente\/wp-content\/uploads\/2024\/12\/AMSEF-Dichiaraz.-art.-14-c.-1-lett.-f-D.Lgs_.-33-2013-situazione-patrimoniale-Gelmi-2024-2024.12.18.pdf\" target=\"_blank\" rel=\"noreferrer noopener\">anno 2024<\/a><\/li>\n\n\n\n<li>Dichiarazione art.14, c.1, lett. f) (dissenso coniuge\/parenti entro il secondo grado) \u2013&nbsp;<a href=\"https:\/\/www.amsef.it\/societa-trasparente\/wp-content\/uploads\/2024\/12\/AMSEF-Dichiaraz.-art.-14-c.-1-lett.-f-D.Lgs_.-33-2013-consenso-parenti-Gelmi-2024-2024.12.18.pdf\" target=\"_blank\" rel=\"noreferrer noopener\">anno 2024<\/a><\/li>\n\n\n\n<li>Dichiarazione dei redditi \u2013\u00a0<a href=\"https:\/\/www.amsef.it\/societa-trasparente\/wp-content\/uploads\/2024\/12\/ALL-Non-tenuto-alla-presentazione.pdf\" target=\"_blank\" rel=\"noreferrer noopener\">anno 2024<\/a><\/li>\n\n\n\n<li>Importi di viaggi di servizio e missioni \u2013&nbsp;<a href=\"https:\/\/www.amsef.it\/societa-trasparente\/wp-content\/uploads\/2024\/07\/Nulla-da-dichiarare-per-il-periodo-di-interesse.pdf\" target=\"_blank\" rel=\"noreferrer noopener\">anno 2024<\/a><\/li>\n<\/ul>\n\n\n\n<p><\/p>\n","protected":false},"excerpt":{"rendered":"<p>Ultimo aggiornamento Dicembre 27th, 2024 alle ore 01:18 pm Sezione relativa agli organi di indirizzo politico-amministrativo, come indicato all&#8217;art. 13, c. 1, lett. a) e art. 14 del d.lgs. 33\/2013. L&#8217;Amministratore Unico ha i pi\u00f9 ampi poteri per la gestione ordinaria e straordinaria della societ\u00e0, senza limitazioni, con facolt\u00e0 di compiere tutti gli atti che &hellip; <\/p>\n<p class=\"link-more\"><a href=\"https:\/\/www.amsef.it\/societa-trasparente\/?amm-trasparente=organi-di-indirizzo-politico-amministrativo\" class=\"more-link\">Leggi tutto<span class=\"screen-reader-text\"> &#8220;Organi di indirizzo politico-amministrativo&#8221;<\/span><\/a><\/p>\n","protected":false},"author":4,"menu_order":0,"template":"","tags":[],"tipologie":[13],"class_list":["post-191","amm-trasparente","type-amm-trasparente","status-publish","hentry","tipologie-titolari-di-incarichi-politici-di-amministrazione-di-direzione-o-di-governo","entry"],"_links":{"self":[{"href":"https:\/\/www.amsef.it\/societa-trasparente\/index.php?rest_route=\/wp\/v2\/amm-trasparente\/191","targetHints":{"allow":["GET"]}}],"collection":[{"href":"https:\/\/www.amsef.it\/societa-trasparente\/index.php?rest_route=\/wp\/v2\/amm-trasparente"}],"about":[{"href":"https:\/\/www.amsef.it\/societa-trasparente\/index.php?rest_route=\/wp\/v2\/types\/amm-trasparente"}],"author":[{"embeddable":true,"href":"https:\/\/www.amsef.it\/societa-trasparente\/index.php?rest_route=\/wp\/v2\/users\/4"}],"version-history":[{"count":60,"href":"https:\/\/www.amsef.it\/societa-trasparente\/index.php?rest_route=\/wp\/v2\/amm-trasparente\/191\/revisions"}],"predecessor-version":[{"id":1645,"href":"https:\/\/www.amsef.it\/societa-trasparente\/index.php?rest_route=\/wp\/v2\/amm-trasparente\/191\/revisions\/1645"}],"wp:attachment":[{"href":"https:\/\/www.amsef.it\/societa-trasparente\/index.php?rest_route=%2Fwp%2Fv2%2Fmedia&parent=191"}],"wp:term":[{"taxonomy":"post_tag","embeddable":true,"href":"https:\/\/www.amsef.it\/societa-trasparente\/index.php?rest_route=%2Fwp%2Fv2%2Ftags&post=191"},{"taxonomy":"tipologie","embeddable":true,"href":"https:\/\/www.amsef.it\/societa-trasparente\/index.php?rest_route=%2Fwp%2Fv2%2Ftipologie&post=191"}],"curies":[{"name":"wp","href":"https:\/\/api.w.org\/{rel}","templated":true}]}}

<p class="last-updated">Ultimo aggiornamento Dicembre 27th, 2024 alle ore 01:18 pm</p>
<p>Sezione relativa agli organi di indirizzo politico-amministrativo, come indicato all&#8217;<a href="https://www.normattiva.it/uri-res/N2Ls?urn:nir:stato:decreto.legislativo:2013-03-14;33">art. 13, c. 1, lett. a) e art. 14 del d.lgs. 33/2013</a>.</p>



<hr class="wp-block-separator has-css-opacity is-style-default"/>



<p>L&#8217;Amministratore Unico ha i più ampi poteri per la gestione ordinaria e straordinaria della società, senza limitazioni, con facoltà di compiere tutti gli atti che riterrà opportuni per l&#8217;attuazione ed il raggiungimento dell&#8217;oggetto sociale, esclusi soltanto quelli che la legge e le norme dello Statuto sul funzionamento della società in modo tassativo riservano all&#8217;assemblea (estratto Statuto societario)</p>



<hr class="wp-block-separator has-alpha-channel-opacity"/>



<h5 class="wp-block-heading">Giacomo Gelmi – Amministratore Unico di Amsef Srl dal 18/12/2024</h5>



<ul class="wp-block-list">
<li><a href="https://www.amsef.it/societa-trasparente/wp-content/uploads/2024/12/AMSEF-AU-2024.12.18.pdf" target="_blank" rel="noreferrer noopener">L’amministratore Unico di Amsef Srl </a>(.pdf) – tabella recante il nominativo, con indicazione della data di conferimento, della durata e delle competenze.</li>



<li><a href="https://www.amsef.it/societa-trasparente/wp-content/uploads/2024/12/AMSEF-Nomina-AU-Gelmi-Verbale-Assemblea-Soci-del-2024.12.18.pdf" target="_blank" rel="noreferrer noopener">Atto di nomina</a>&nbsp;– Verbale Assemblea dei Soci del 24/10/2019 (.pdf)</li>
</ul>



<p></p>



<ul class="wp-block-list">
<li><a href="https://www.amsef.it/societa-trasparente/wp-content/uploads/2024/12/AMSEF-CV-Gelmi-2024.pdf" target="_blank" rel="noreferrer noopener">Curriculum vitae</a></li>



<li>Dichiarazione art. 20, c. 3, D.Lgs. 39/2013 (insussistenza cause di incompatibilità e/o inconferibilità) –<a href="https://www.amsef.it/societa-trasparente/wp-content/uploads/2024/12/AMSEF-Dichiaraz.-art.-20-c.-3-D.Lgs_.-39-2013-Incomp.-Inconf.-Gelmi-2024-2024.12.18.pdf" target="_blank" rel="noreferrer noopener">&nbsp;anno 2024</a></li>



<li>Dichiarazione art. 53, c. 16 ter, D.Lgs. 165-2011 (Pantouflage) –&nbsp;<a href="https://www.amsef.it/societa-trasparente/wp-content/uploads/2024/12/AMSEF-Dichiaraz.-art.-53-c.-16-ter-D.Lgs_.-165-2001-Pantouflage-Gelmi-2024-2024.12.18.pdf" target="_blank" rel="noreferrer noopener">anno 2024</a></li>



<li>Dichiarazione art.14, c.1, lett. d) ed e) (dati relativi all’assunzione di altre cariche, presso enti pubblici o privati, e relativi compensi a qualsiasi titolo corrisposti) –&nbsp;<a href="https://www.amsef.it/societa-trasparente/wp-content/uploads/2024/12/AMSEF-Dichiaraz.-art.-14-c.-1-lett.-d-e-D.Lgs_.-33-2013-altre-cariche-Gelmi-2024-2024.12.18.pdf" target="_blank" rel="noreferrer noopener">anno 2024</a></li>



<li>Dichiarazione art.14, c.1, lett. f) (situazione patrimoniale) –&nbsp;<a href="https://www.amsef.it/societa-trasparente/wp-content/uploads/2024/12/AMSEF-Dichiaraz.-art.-14-c.-1-lett.-f-D.Lgs_.-33-2013-situazione-patrimoniale-Gelmi-2024-2024.12.18.pdf" target="_blank" rel="noreferrer noopener">anno 2024</a></li>



<li>Dichiarazione art.14, c.1, lett. f) (dissenso coniuge/parenti entro il secondo grado) –&nbsp;<a href="https://www.amsef.it/societa-trasparente/wp-content/uploads/2024/12/AMSEF-Dichiaraz.-art.-14-c.-1-lett.-f-D.Lgs_.-33-2013-consenso-parenti-Gelmi-2024-2024.12.18.pdf" target="_blank" rel="noreferrer noopener">anno 2024</a></li>



<li>Dichiarazione dei redditi – <a href="https://www.amsef.it/societa-trasparente/wp-content/uploads/2024/12/ALL-Non-tenuto-alla-presentazione.pdf" target="_blank" rel="noreferrer noopener">anno 2024</a></li>



<li>Importi di viaggi di servizio e missioni –&nbsp;<a href="https://www.amsef.it/societa-trasparente/wp-content/uploads/2024/07/Nulla-da-dichiarare-per-il-periodo-di-interesse.pdf" target="_blank" rel="noreferrer noopener">anno 2024</a></li>
</ul>



<p></p>

<p>Ultimo aggiornamento Dicembre 27th, 2024 alle ore 01:18 pm Sezione relativa agli organi di indirizzo politico-amministrativo, come indicato all&#8217;art. 13, c. 1, lett. a) e art. 14 del d.lgs. 33/2013. L&#8217;Amministratore Unico ha i più ampi poteri per la gestione ordinaria e straordinaria della società, senza limitazioni, con facoltà di compiere tutti gli atti che &hellip; </p>
<p class="link-more"><a href="https://www.amsef.it/societa-trasparente/?amm-trasparente=organi-di-indirizzo-politico-amministrativo" class="more-link">Leggi tutto<span class="screen-reader-text"> &#8220;Organi di indirizzo politico-amministrativo&#8221;</span></a></p>
