{"id":129,"date":"2019-02-20T18:03:37","date_gmt":"2019-02-20T17:03:37","guid":{"rendered":"http:\/\/www.amsef.it\/societa-trasparente\/?page_id=129"},"modified":"2023-09-21T15:34:46","modified_gmt":"2023-09-21T13:34:46","slug":"segnalazioni-whistleblowing","status":"publish","type":"page","link":"https:\/\/www.amsef.it\/societa-trasparente\/?page_id=129","title":{"rendered":"Segnalazioni Whistleblowing"},"content":{"rendered":"[vc_row][vc_column][vc_column_text]\n[\/vc_column_text][\/vc_column][\/vc_row][vc_row][vc_column][vc_column_text]<h5><strong>Informativa sul trattamento dei dati personali di coloro che effettuano segnalazioni di whistleblowing sulla base del regolamento approvato dalla societ\u00e0 Amsef srl.<\/strong><\/h5>\n<p>&nbsp;<\/p>\n<p>Gentile Utente,<\/p>\n<p>a norma di legge, con la presente sono a fornirLe le informazioni riguardanti le modalit\u00e0 di trattamento dei dati personali riportati nelle segnalazioni whistleblowing tramite i canali interni predisposti dalla societ\u00e0.<\/p>\n<p>Anzitutto, La informo che la societ\u00e0 Amsef srl ha approvato un proprio regolamento per la gestione delle segnalazioni di whistleblowing (d\u2019ora in poi \u201cRegolamento\u201d), in cui sono indicati i presupposti e le condizioni per poter presentare dette segnalazioni e conseguentemente ricevere le tutele e le protezioni previste dal d.lgs. 10 marzo 2023, n. 24.<\/p>\n<p>Per ogni ulteriore dubbio potr\u00e0 altres\u00ec consultare la pagina \u201c<em>Whistleblowing<\/em>\u201d dell\u2019Autorit\u00e0 Nazionale Anticorruzione (ANAC), consultabile al seguente link https:\/\/www.anticorruzione.it\/-\/whistleblowing#p0<\/p>\n<p>Tanto premesso, in ottemperanza a quanto previsto dall\u2019art. 13 del Regolamento (UE) 2016\/679, sono a renderLe le seguenti informazioni sul trattamento in oggetto.<\/p>\n<p><strong>Il Titolare del trattamento dei dati personali<\/strong><\/p>\n<p>Il Titolare del trattamento dei dati personali \u00e8 Alessandra Garani indirizzo <em>e-mail<\/em> ad uso esclusivo rpc.amsef@amsef.it, numero di telefono ad uso esclusivo 346 6120134 la quale interviene in qualit\u00e0 di Responsabile della prevenzione della corruzione e della trasparenza (RPCT) della societ\u00e0 Amsef srl e a cui \u00e8 stata attribuita la competenza esclusiva a ricevere e gestire le segnalazioni di whistleblowing.<\/p>\n<p><strong>Il Responsabile della protezione dei dati personali<\/strong><\/p>\n<p>La informiamo che la Amsef srl ha nominato un Responsabile della protezione dei dati personali che \u00e8 contattabile al seguente indirizzo: dpo@ferraratua.it<\/p>\n<p><strong>Le finalit\u00e0 del trattamento dei dati personali<\/strong><\/p>\n<p>I dati personali da Lei volontariamente forniti saranno trattati dal sottoscritto Titolare del trattamento per le seguenti finalit\u00e0:<\/p>\n<ol>\n<li>identificare il segnalante;<\/li>\n<li>verificare la riconducibilit\u00e0 della segnalazione nell\u2019ambito di applicazione della normativa <em>whistleblowing<\/em>;<\/li>\n<\/ol>\n<ul>\n<li>gestire la segnalazione di whistleblowing da Lei presentata tramite i canali predisposti dalla societ\u00e0;<\/li>\n<\/ul>\n<ol>\n<li>valutare la fondatezza della segnalazione di whistleblowing;<\/li>\n<li>istruire la procedura avviata a seguito della segnalazione e concludere il relativo procedimento di whistleblowing;<\/li>\n<li>dare seguito alla segnalazione nei modi e nei termini previsti dal regolamento e dalla legge<\/li>\n<\/ol>\n<ul>\n<li>adempiere agli obblighi prescritti dal Regolamento e dal d.lgs. 10 marzo 2023, n. 24 con particolare riguardo agli obblighi di riservatezza e di protezione da ritorsioni;<\/li>\n<li>tutelare l\u2019interesse pubblico e l\u2019integrit\u00e0 della societ\u00e0.<\/li>\n<\/ul>\n<p><strong>Le categorie di dati personali <\/strong><\/p>\n<p>Affinch\u00e9 al segnalante siano riconosciute le tutele e le protezioni previste d.lgs. 10 marzo 2023, n. 24 e per conseguire le finalit\u00e0 di trattamento sopra indicate, il Titolare del trattamento ha necessit\u00e0 di acquisire i seguenti dati personali:<\/p>\n<ol>\n<li>dati identificativi: nome e cognome, data e luogo di nascita, codice fiscale e\/o partita iva, indirizzo di residenza e\/o domicilio;<\/li>\n<li>dati di contatto: indirizzo e-mail e\/o numero di telefono, ferma restando la possibilit\u00e0 per il segnalante di interloquire con il RPCT della societ\u00e0 esclusivamente tramite la piattaforma di whistleblowing.<\/li>\n<\/ol>\n<p>La informiamo che qualunque altro dato personale da Lei volontariamente fornito non manifestamente utile al trattamento della segnalazione sar\u00e0 immediatamente cancellato.<\/p>\n<p>\u00c8 poi doveroso informarLa che il conferimento dei dati personali sopra elencati non \u00e8 obbligatorio bens\u00ec facoltativo. Tuttavia, eventuali segnalazioni anonime saranno trattate come segnalazioni ordinarie in quanto non riconducibili all\u2019ambito di applicabilit\u00e0 della normativa Whistleblowing e non saranno gestite dal sottoscritto RPCT, bens\u00ec dall\u2019organo amministrativo della societ\u00e0.<\/p>\n<p>La informiamo, inoltre, che l\u2019accesso al Portale Whistleblowing della Societ\u00e0 \u00e8 soggetto alla politica \u201cno log\u201d al, che significa che i sistemi informatici aziendali non sono in grado di identificare il punto di accesso al portale (indirizzo IP) anche nel caso in cui l\u2019accesso venisse effettuato da un computer connesso alla rete aziendale.<\/p>\n<p>\u00a0<strong>La base giuridica di trattamento<\/strong><\/p>\n<p>La liceit\u00e0 del trattamento dei Suoi dati personali trova fondamento in precisi obblighi di legge e nel Suo eventuale consenso esplicito:<\/p>\n<ol>\n<li>ai sensi dell\u2019articolo 6, comma 1, lettera c) del Regolamento (UE) 679\/2016, nell\u2019adempimento di un obbligo legale al quale e\u0300 soggetto il titolare del trattamento;<\/li>\n<li>ai sensi dell\u2019articolo 6, comma 1, lettera e) del Regolamento (UE) 679\/2016e dell\u2019articolo 2-sexies del Codice privacy, nell&#8217;esecuzione dei compiti di interesse pubblico o comunque connessi all&#8217;esercizio dei propri pubblici poteri;<\/li>\n<\/ol>\n<ul>\n<li>ricorrendo le ipotesi descritte agli artt. 18 e 19 del regolamento e all\u2019art. 12, cc. 5 e 6, del d.lgs. 10 marzo 2023, n. 24., nel Suo esplicito consenso.<\/li>\n<\/ul>\n<p><strong>La revoca del consenso<\/strong><\/p>\n<p>La informo che qualora abbia espresso il proprio consenso al trattamento dei dati personali, detto consenso potr\u00e0 essere da Lei revocato in qualsiasi momento senza pregiudicare la liceit\u00e0 del trattamento compiuto prima della revoca. Potr\u00e0 manifestare la propria volont\u00e0 di revoca dandone comunicazione scritta al Titolare del trattamento.<\/p>\n<p><strong>Le modalit\u00e0 del trattamento dei dati personali <\/strong><\/p>\n<p>I Suoi dati personali potranno essere trattati con strumenti elettronici e con modalit\u00e0 analogiche, unicamente con operazioni nonch\u00e9 con logiche e mediante forme di organizzazione dei dati, strettamente indispensabili in rapporto agli obblighi, ai compiti e alle finalit\u00e0 indicate e, comunque, in modo da garantirne costantemente la sicurezza e la riservatezza dei tuoi dati personali. Per prevenire accessi non autorizzati, la distruzione o la perdita accidentale di detti dati, il Titolare del trattamento ha previsto una serie di misure di sicurezza di tipo sia tecnico che organizzativo, volte a ridurre al minimo la possibilit\u00e0 che si verifichino tali rischi. Il trattamento dei dati personali avverr\u00e0 sempre nel rispetto dei principi di liceit\u00e0, correttezza e trasparenza, nonch\u00e9 per finalit\u00e0 determinate, esplicite e legittime e in modo compatibile alle stesse. Inoltre, i Suoi dati personali saranno trattati in modo che siano adeguati, pertinenti e limitati a quanto necessario al raggiungimento degli scopi per i quali sono stati raccolti, nonch\u00e9 esatti e, se necessario, aggiornati e conservati in una forma che consenta l\u2019identificazione della persona a cui si riferiscono solo per l\u2019arco di tempo necessario al raggiungimento delle suddette finalit\u00e0. La informiamo, inoltre, che i Suoi dati personali non saranno attratti a processi decisionali automatizzati.<\/p>\n<p><strong>L\u2019ambito di comunicazione dei dati personali<\/strong><\/p>\n<p>I Suoi dati personali saranno trattati esclusivamente dal Titolare del trattamento e dai soggetti indicati agli artt. 18 e 19 del regolamento qualora Lei abbia espresso il suo esplicito consenso.<\/p>\n<p>Concluso il procedimento avviato a seguito della segnalazione di Whistleblowing, i Suoi dati personali potranno essere comunicati:<\/p>\n<ol>\n<li>solo in presenza del suo esplicito, preventivo ed informato consenso, all\u2019organo competente ad assumere decisioni disciplinari e all\u2019incolpato nell\u2019ipotesi descritta dall\u2019art. 12, cc. 5 e 6, del d.lgs. 10 marzo 2023, n. 24;<\/li>\n<li>a soggetti pubblici e organi di controllo per lo svolgimento delle loro funzioni istituzionali quali Enti e\/o Autorit\u00e0 con finalit\u00e0 repressive, ispettive, contabili-amministrative e di verifica (Procure, ANAC, GdF, Corte dei Conti);<\/li>\n<\/ol>\n<p><strong>Ambito di diffusione dei dati personali<\/strong><\/p>\n<p>I suoi dati personali non saranno oggetto di diffusione.<\/p>\n<p>Il Titolare del trattamento garantisce la riservatezza della Sua identit\u00e0 nei termini previsti dal Regolamento e dal d.lgs.10 marzo 2023, n. 24;<\/p>\n<p><strong>Tempo di conservazione dei dati personali<\/strong><\/p>\n<p>I dati personali saranno conservati per un periodo di tempo pari cinque anni decorrenti dalla data della comunicazione dell\u2019esito finale della procedura di selezione. Raggiunto il tempo massimo di conservazione, i Suoi dati personali saranno cancellati e i supporti su cui detti dati sono memorizzati, siano essi cartacei o digitali, saranno distrutti. Il Titolare del trattamento comunque si riserva di verificare periodicamente l\u2019obsolescenza dei dati personali raccolti in relazione alle finalit\u00e0 per cui sono stati raccolti.<\/p>\n<p><strong>Trasferimento dati all\u2019estero<\/strong><\/p>\n<p>I dati personali non saranno trasferiti verso un Paese terzo o ad una organizzazione internazionale diversi dai Paesi o dalle organizzazioni soggetti alle norme di diritto UE. L\u2019intero trattamento dei dati personali, infatti, si svolge all\u2019interno dei confini del territorio italiano.<\/p>\n<p><strong>Diritti fondamentali dell\u2019interessato<\/strong><\/p>\n<p>Nel rispetto dei limiti previsti dalla legge, Lei potr\u00e0 esercitare i diritti previsti dagli artt. 15-22 del Regolamento (UE) 679\/2016 richiedendolo al Titolare del trattamento. Qualora ritenesse che il trattamento dei Suoi personali sia avvenuto in violazione di quanto previsto dal Regolamento hanno il diritto di proporre reclamo al Garante per la protezione dei dati personali, come previsto dall&#8217;art. 77 del Regolamento stesso, o di adire le opportune sedi giudiziarie, come previsto dall\u2019art. 79 del Regolamento.<\/p>\n<p><b>Ti invitiamo, inoltre, a prendere visione del regolamento whistleblowing della societ\u00e0<\/b>\u00a0<b>per ricevere maggiori informazioni sulla procedura di gestione delle segnalazioni in argomento (<a href=\"https:\/\/www.amsef.it\/societa-trasparente\/wp-content\/uploads\/2023\/09\/AMSEF-RegolamentoWhistleblowing_Pubblicato.pdf\">regolamento<\/a>)<\/b><\/p>[\/vc_column_text][vc_btn title=&#8221;Procedi con la segnalazione&#8221; style=&#8221;classic&#8221; color=&#8221;blue&#8221; link=&#8221;url:https%3A%2F%2Fsegnalazioni.ferraratua.it%2F%23%2F|||&#8221;][\/vc_column][\/vc_row][vc_row][vc_column][\/vc_column][\/vc_row][vc_row][vc_column][vc_empty_space][\/vc_column][\/vc_row][vc_row][vc_column][\/vc_column][\/vc_row][vc_row][vc_column][vc_column_text]\n[\/vc_column_text][\/vc_column][\/vc_row]","protected":false},"excerpt":{"rendered":"<p>[vc_row][vc_column][vc_column_text] [\/vc_column_text][\/vc_column][\/vc_row][vc_row][vc_column][vc_column_text] Informativa sul trattamento dei dati personali di coloro che effettuano segnalazioni di whistleblowing sulla base del regolamento approvato dalla societ\u00e0 Amsef srl. &nbsp; Gentile Utente, a norma di legge, con la presente sono a fornirLe le informazioni riguardanti le modalit\u00e0 di trattamento dei dati personali riportati nelle segnalazioni whistleblowing tramite i canali interni &hellip; <\/p>\n<p class=\"link-more\"><a href=\"https:\/\/www.amsef.it\/societa-trasparente\/?page_id=129\" class=\"more-link\">Leggi tutto<span class=\"screen-reader-text\"> &#8220;Segnalazioni Whistleblowing&#8221;<\/span><\/a><\/p>\n","protected":false},"author":6,"featured_media":0,"parent":0,"menu_order":0,"comment_status":"closed","ping_status":"closed","template":"","meta":{"footnotes":""},"class_list":["post-129","page","type-page","status-publish","hentry","entry"],"_links":{"self":[{"href":"https:\/\/www.amsef.it\/societa-trasparente\/index.php?rest_route=\/wp\/v2\/pages\/129","targetHints":{"allow":["GET"]}}],"collection":[{"href":"https:\/\/www.amsef.it\/societa-trasparente\/index.php?rest_route=\/wp\/v2\/pages"}],"about":[{"href":"https:\/\/www.amsef.it\/societa-trasparente\/index.php?rest_route=\/wp\/v2\/types\/page"}],"author":[{"embeddable":true,"href":"https:\/\/www.amsef.it\/societa-trasparente\/index.php?rest_route=\/wp\/v2\/users\/6"}],"replies":[{"embeddable":true,"href":"https:\/\/www.amsef.it\/societa-trasparente\/index.php?rest_route=%2Fwp%2Fv2%2Fcomments&post=129"}],"version-history":[{"count":8,"href":"https:\/\/www.amsef.it\/societa-trasparente\/index.php?rest_route=\/wp\/v2\/pages\/129\/revisions"}],"predecessor-version":[{"id":1248,"href":"https:\/\/www.amsef.it\/societa-trasparente\/index.php?rest_route=\/wp\/v2\/pages\/129\/revisions\/1248"}],"wp:attachment":[{"href":"https:\/\/www.amsef.it\/societa-trasparente\/index.php?rest_route=%2Fwp%2Fv2%2Fmedia&parent=129"}],"curies":[{"name":"wp","href":"https:\/\/api.w.org\/{rel}","templated":true}]}}

[vc_row][vc_column][vc_column_text]
[/vc_column_text][/vc_column][/vc_row][vc_row][vc_column][vc_column_text]<h5><strong>Informativa sul trattamento dei dati personali di coloro che effettuano segnalazioni di whistleblowing sulla base del regolamento approvato dalla società Amsef srl.</strong></h5>
<p>&nbsp;</p>
<p>Gentile Utente,</p>
<p>a norma di legge, con la presente sono a fornirLe le informazioni riguardanti le modalità di trattamento dei dati personali riportati nelle segnalazioni whistleblowing tramite i canali interni predisposti dalla società.</p>
<p>Anzitutto, La informo che la società Amsef srl ha approvato un proprio regolamento per la gestione delle segnalazioni di whistleblowing (d’ora in poi “Regolamento”), in cui sono indicati i presupposti e le condizioni per poter presentare dette segnalazioni e conseguentemente ricevere le tutele e le protezioni previste dal d.lgs. 10 marzo 2023, n. 24.</p>
<p>Per ogni ulteriore dubbio potrà altresì consultare la pagina “<em>Whistleblowing</em>” dell’Autorità Nazionale Anticorruzione (ANAC), consultabile al seguente link https://www.anticorruzione.it/-/whistleblowing#p0</p>
<p>Tanto premesso, in ottemperanza a quanto previsto dall’art. 13 del Regolamento (UE) 2016/679, sono a renderLe le seguenti informazioni sul trattamento in oggetto.</p>
<p><strong>Il Titolare del trattamento dei dati personali</strong></p>
<p>Il Titolare del trattamento dei dati personali è Alessandra Garani indirizzo <em>e-mail</em> ad uso esclusivo rpc.amsef@amsef.it, numero di telefono ad uso esclusivo 346 6120134 la quale interviene in qualità di Responsabile della prevenzione della corruzione e della trasparenza (RPCT) della società Amsef srl e a cui è stata attribuita la competenza esclusiva a ricevere e gestire le segnalazioni di whistleblowing.</p>
<p><strong>Il Responsabile della protezione dei dati personali</strong></p>
<p>La informiamo che la Amsef srl ha nominato un Responsabile della protezione dei dati personali che è contattabile al seguente indirizzo: dpo@ferraratua.it</p>
<p><strong>Le finalità del trattamento dei dati personali</strong></p>
<p>I dati personali da Lei volontariamente forniti saranno trattati dal sottoscritto Titolare del trattamento per le seguenti finalità:</p>
<ol>
<li>identificare il segnalante;</li>
<li>verificare la riconducibilità della segnalazione nell’ambito di applicazione della normativa <em>whistleblowing</em>;</li>
</ol>
<ul>
<li>gestire la segnalazione di whistleblowing da Lei presentata tramite i canali predisposti dalla società;</li>
</ul>
<ol>
<li>valutare la fondatezza della segnalazione di whistleblowing;</li>
<li>istruire la procedura avviata a seguito della segnalazione e concludere il relativo procedimento di whistleblowing;</li>
<li>dare seguito alla segnalazione nei modi e nei termini previsti dal regolamento e dalla legge</li>
</ol>
<ul>
<li>adempiere agli obblighi prescritti dal Regolamento e dal d.lgs. 10 marzo 2023, n. 24 con particolare riguardo agli obblighi di riservatezza e di protezione da ritorsioni;</li>
<li>tutelare l’interesse pubblico e l’integrità della società.</li>
</ul>
<p><strong>Le categorie di dati personali </strong></p>
<p>Affinché al segnalante siano riconosciute le tutele e le protezioni previste d.lgs. 10 marzo 2023, n. 24 e per conseguire le finalità di trattamento sopra indicate, il Titolare del trattamento ha necessità di acquisire i seguenti dati personali:</p>
<ol>
<li>dati identificativi: nome e cognome, data e luogo di nascita, codice fiscale e/o partita iva, indirizzo di residenza e/o domicilio;</li>
<li>dati di contatto: indirizzo e-mail e/o numero di telefono, ferma restando la possibilità per il segnalante di interloquire con il RPCT della società esclusivamente tramite la piattaforma di whistleblowing.</li>
</ol>
<p>La informiamo che qualunque altro dato personale da Lei volontariamente fornito non manifestamente utile al trattamento della segnalazione sarà immediatamente cancellato.</p>
<p>È poi doveroso informarLa che il conferimento dei dati personali sopra elencati non è obbligatorio bensì facoltativo. Tuttavia, eventuali segnalazioni anonime saranno trattate come segnalazioni ordinarie in quanto non riconducibili all’ambito di applicabilità della normativa Whistleblowing e non saranno gestite dal sottoscritto RPCT, bensì dall’organo amministrativo della società.</p>
<p>La informiamo, inoltre, che l’accesso al Portale Whistleblowing della Società è soggetto alla politica “no log” al, che significa che i sistemi informatici aziendali non sono in grado di identificare il punto di accesso al portale (indirizzo IP) anche nel caso in cui l’accesso venisse effettuato da un computer connesso alla rete aziendale.</p>
<p> <strong>La base giuridica di trattamento</strong></p>
<p>La liceità del trattamento dei Suoi dati personali trova fondamento in precisi obblighi di legge e nel Suo eventuale consenso esplicito:</p>
<ol>
<li>ai sensi dell’articolo 6, comma 1, lettera c) del Regolamento (UE) 679/2016, nell’adempimento di un obbligo legale al quale è soggetto il titolare del trattamento;</li>
<li>ai sensi dell’articolo 6, comma 1, lettera e) del Regolamento (UE) 679/2016e dell’articolo 2-sexies del Codice privacy, nell&#8217;esecuzione dei compiti di interesse pubblico o comunque connessi all&#8217;esercizio dei propri pubblici poteri;</li>
</ol>
<ul>
<li>ricorrendo le ipotesi descritte agli artt. 18 e 19 del regolamento e all’art. 12, cc. 5 e 6, del d.lgs. 10 marzo 2023, n. 24., nel Suo esplicito consenso.</li>
</ul>
<p><strong>La revoca del consenso</strong></p>
<p>La informo che qualora abbia espresso il proprio consenso al trattamento dei dati personali, detto consenso potrà essere da Lei revocato in qualsiasi momento senza pregiudicare la liceità del trattamento compiuto prima della revoca. Potrà manifestare la propria volontà di revoca dandone comunicazione scritta al Titolare del trattamento.</p>
<p><strong>Le modalità del trattamento dei dati personali </strong></p>
<p>I Suoi dati personali potranno essere trattati con strumenti elettronici e con modalità analogiche, unicamente con operazioni nonché con logiche e mediante forme di organizzazione dei dati, strettamente indispensabili in rapporto agli obblighi, ai compiti e alle finalità indicate e, comunque, in modo da garantirne costantemente la sicurezza e la riservatezza dei tuoi dati personali. Per prevenire accessi non autorizzati, la distruzione o la perdita accidentale di detti dati, il Titolare del trattamento ha previsto una serie di misure di sicurezza di tipo sia tecnico che organizzativo, volte a ridurre al minimo la possibilità che si verifichino tali rischi. Il trattamento dei dati personali avverrà sempre nel rispetto dei principi di liceità, correttezza e trasparenza, nonché per finalità determinate, esplicite e legittime e in modo compatibile alle stesse. Inoltre, i Suoi dati personali saranno trattati in modo che siano adeguati, pertinenti e limitati a quanto necessario al raggiungimento degli scopi per i quali sono stati raccolti, nonché esatti e, se necessario, aggiornati e conservati in una forma che consenta l’identificazione della persona a cui si riferiscono solo per l’arco di tempo necessario al raggiungimento delle suddette finalità. La informiamo, inoltre, che i Suoi dati personali non saranno attratti a processi decisionali automatizzati.</p>
<p><strong>L’ambito di comunicazione dei dati personali</strong></p>
<p>I Suoi dati personali saranno trattati esclusivamente dal Titolare del trattamento e dai soggetti indicati agli artt. 18 e 19 del regolamento qualora Lei abbia espresso il suo esplicito consenso.</p>
<p>Concluso il procedimento avviato a seguito della segnalazione di Whistleblowing, i Suoi dati personali potranno essere comunicati:</p>
<ol>
<li>solo in presenza del suo esplicito, preventivo ed informato consenso, all’organo competente ad assumere decisioni disciplinari e all’incolpato nell’ipotesi descritta dall’art. 12, cc. 5 e 6, del d.lgs. 10 marzo 2023, n. 24;</li>
<li>a soggetti pubblici e organi di controllo per lo svolgimento delle loro funzioni istituzionali quali Enti e/o Autorità con finalità repressive, ispettive, contabili-amministrative e di verifica (Procure, ANAC, GdF, Corte dei Conti);</li>
</ol>
<p><strong>Ambito di diffusione dei dati personali</strong></p>
<p>I suoi dati personali non saranno oggetto di diffusione.</p>
<p>Il Titolare del trattamento garantisce la riservatezza della Sua identità nei termini previsti dal Regolamento e dal d.lgs.10 marzo 2023, n. 24;</p>
<p><strong>Tempo di conservazione dei dati personali</strong></p>
<p>I dati personali saranno conservati per un periodo di tempo pari cinque anni decorrenti dalla data della comunicazione dell’esito finale della procedura di selezione. Raggiunto il tempo massimo di conservazione, i Suoi dati personali saranno cancellati e i supporti su cui detti dati sono memorizzati, siano essi cartacei o digitali, saranno distrutti. Il Titolare del trattamento comunque si riserva di verificare periodicamente l’obsolescenza dei dati personali raccolti in relazione alle finalità per cui sono stati raccolti.</p>
<p><strong>Trasferimento dati all’estero</strong></p>
<p>I dati personali non saranno trasferiti verso un Paese terzo o ad una organizzazione internazionale diversi dai Paesi o dalle organizzazioni soggetti alle norme di diritto UE. L’intero trattamento dei dati personali, infatti, si svolge all’interno dei confini del territorio italiano.</p>
<p><strong>Diritti fondamentali dell’interessato</strong></p>
<p>Nel rispetto dei limiti previsti dalla legge, Lei potrà esercitare i diritti previsti dagli artt. 15-22 del Regolamento (UE) 679/2016 richiedendolo al Titolare del trattamento. Qualora ritenesse che il trattamento dei Suoi personali sia avvenuto in violazione di quanto previsto dal Regolamento hanno il diritto di proporre reclamo al Garante per la protezione dei dati personali, come previsto dall&#8217;art. 77 del Regolamento stesso, o di adire le opportune sedi giudiziarie, come previsto dall’art. 79 del Regolamento.</p>
<p><b>Ti invitiamo, inoltre, a prendere visione del regolamento whistleblowing della società</b> <b>per ricevere maggiori informazioni sulla procedura di gestione delle segnalazioni in argomento (<a href="https://www.amsef.it/societa-trasparente/wp-content/uploads/2023/09/AMSEF-RegolamentoWhistleblowing_Pubblicato.pdf">regolamento</a>)</b></p>[/vc_column_text][vc_btn title=&#8221;Procedi con la segnalazione&#8221; style=&#8221;classic&#8221; color=&#8221;blue&#8221; link=&#8221;url:https%3A%2F%2Fsegnalazioni.ferraratua.it%2F%23%2F|||&#8221;][/vc_column][/vc_row][vc_row][vc_column][/vc_column][/vc_row][vc_row][vc_column][vc_empty_space][/vc_column][/vc_row][vc_row][vc_column][/vc_column][/vc_row][vc_row][vc_column][vc_column_text]
[/vc_column_text][/vc_column][/vc_row]

<p>[vc_row][vc_column][vc_column_text] [/vc_column_text][/vc_column][/vc_row][vc_row][vc_column][vc_column_text] Informativa sul trattamento dei dati personali di coloro che effettuano segnalazioni di whistleblowing sulla base del regolamento approvato dalla società Amsef srl. &nbsp; Gentile Utente, a norma di legge, con la presente sono a fornirLe le informazioni riguardanti le modalità di trattamento dei dati personali riportati nelle segnalazioni whistleblowing tramite i canali interni &hellip; </p>
<p class="link-more"><a href="https://www.amsef.it/societa-trasparente/?page_id=129" class="more-link">Leggi tutto<span class="screen-reader-text"> &#8220;Segnalazioni Whistleblowing&#8221;</span></a></p>
